.
-1
Suppose 3 = -2*i + 3*i. Let h(d) = -1 - 11*d**2 - 11 + d - d**i + 10*d**2. Suppose -4*k + 16 = -0*k, 16 = 3*u + 4*k. Give h(u).
-12
Let m be (-44)/2*3/(-6). Let u = m + -11. Let v(w) = 9*w + 3 - 6 - 6*w + w**3 - 3*w**2 + u*w**3. Give v(2).
-1
Let p = 61 - 95. Let z = p - -38. Suppose 5*i + 2*b - 5*b = 24, -15 = -i + z*b. Let l(c) = -c**2 + 4. Calculate l(i).
-5
Let a = 31 + -3. Let u(o) = o**2 + 2*o + 75. Let d be u(0). Let m be (-30)/d - a/5. Let l(w) = -w**3 - 5*w**2 + 7*w - 1. Determine l(m).
-7
Let p = -237 - -227. Let v be 1*p + (-5 - -3)/(-1). Let x(k) = -3*k + 3*k**2 + 13*k + 0*k**2 - 2*k**2 + 2. Determine x(v).
-14
Let h be 6/8 + 343/28. Suppose 4*u - h = 11. Let p(i) = -3 + u*i + 5*i - 13*i. What is p(-2)?
1
Let r(f) = -20*f**3 - 2*f**2 - 2*f - 1. Let z be (-18)/(-99) + (-20)/(-11). Suppose -5*y = -z*y - 12. Suppose -2*d = -4, -4 = 3*v - 7*v - y*d. Calculate r(v).
19
Let z(x) be the third derivative of x**5/60 - 5*x**4/24 - 5*x**3/6 + 558*x**2 + 4*x. Let q be ((-10)/(-8))/((-2)/(-8)). Determine z(q).
-5
Suppose -7094*s = -7226*s - 396. Let h(u) = 4*u**2 - u + 4. Give h(s).
43
Let x(d) = d**3 + 25*d**2 - 24*d + 37. Suppose -2335 + 1105 = 113*u + 1708. What is x(u)?
-15
Suppose -14*b + 18*b = 5*d - 38, -2*b = -21*d + 56. Let y(z) = -z**2 - 5*z + 15. Determine y(d).
1
Let w(l) = -8 - 7*l - 2*l**2 + 2*l + 0*l**2 + 33*l - 12*l. What is w(7)?
6
Let r(o) = 68*o - 53*o - 18*o - 262 - 73 - 53*o. Determine r(-6).
1
Let m(a) = -9*a**3 + 3*a**2 - 5*a - 3. Let g(d) = -7*d**3 + 4*d**2 - 5*d - 2. Let q(z) = -5*g(z) + 4*m(z). Determine q(-9).
34
Let h(k) be the second derivative of -k**5/20 - k**4/3 + 5*k**3/6 + 7*k**2/2 + k. Suppose -3*x - 3*o = -21, 82*x + 3*o - 16 = 78*x. Determine h(x).
7
Suppose 33 + 23 = -4*i. Let t be (-76)/2*(-9)/(-18). Let y = i - t. Let b(k) = k**3 - 6*k**2 + 6*k - 2. Determine b(y).
3
Let h(n) = -3*n**2 - n**3 - 3*n - 2292 + 4563 + 12*n - 2274 - 4*n**2. What is h(-8)?
-11
Let k(p) = -p**3 + 18*p**2 - 19*p + 15. Suppose 10*z - 69 = 8*z + 5*q, -4*z - 114 = 26*q. Give k(z).
-19
Let p(a) = -33*a**3 + a. Suppose -73*y = -22*y - 29223. Suppose -y = -6*q - 579. Calculate p(q).
32
Suppose 2 + 80 = -12*d - 38. Let f(p) = 4*p - 7. Give f(d).
-47
Let v(d) be the second derivative of -1/6*d**3 + 0 - 5/2*d**2 - 104*d - 3/4*d**4 - 1/20*d**5. Give v(-9).
4
Let y(u) = -u**2 - 18*u + 85. Let x = 47672 + -47694. Calculate y(x).
-3
Let l(i) = -i**3 - 6*i**2 - 3*i - 8. Let t be l(-6). Let z(g) = -6*g**2 - g**3 + t*g + g**2 + g**2 - 2 - 5*g**2. Suppose 0 = 6*f - 3*f + 30. Give z(f).
-2
Let u(v) = 126 + 122*v - 238*v + 112*v. What is u(26)?
22
Let j be -1 + 7 - 1/(1/1). Let h(r) = -9*r**3 + 6*r - 25. Let l(b) = -7*b**3 + b**2 + 6*b - 21. Let a(m) = 3*h(m) - 4*l(m). Determine a(j).
4
Let j(n) be the first derivative of -n**5/30 - 7*n**4/24 - 79*n**3/3 - 28. Let d(m) be the third derivative of j(m). Give d(-5).
13
Let x(j) = 2*j**3 + 41*j**2 - 29*j - 69. Let y(k) = 5*k**3 + 84*k**2 - 57*k - 138. Let p(f) = 7*x(f) - 3*y(f). What is p(34)?
-1
Let n(x) = 11*x**3 + 19*x**2 - 34*x - 54. Let r(z) = -32*z**3 - 58*z**2 + 105*z + 162. Let k(b) = -29*n(b) - 10*r(b). Calculate k(-31).
8
Let k(h) be the second derivative of -h**7/360 - h**6/720 - h**5/120 + h**4/3 + 2*h**3/3 + 109*h. Let z(t) be the third derivative of k(t). What is z(-1)?
-7
Let s(b) = 6*b - b**3 - 4*b + 7*b + 6*b**2 - 15. Let a(d) = -d**2 + 5796*d + 452228. Let c be a(-77). What is s(c)?
-1
Let o(p) = -p + 21. Let q(x) = -x**2 - 138*x - 513. Let z be q(-134). Determine o(z).
-2
Let i(p) = p**3 - 12*p**2 + 12*p - 21. Suppose 19*x = 11*x + 1872. Suppose -x = -4*n - 190. What is i(n)?
-10
Let f(d) = -d**3 - 15*d**2 + 17*d - 11. Let n = 2636 + -2652. Give f(n).
-27
Let x(r) be the third derivative of 0*r + 0 - 2*r**2 + 8/3*r**3 - 1/24*r**4. Suppose -37 = -a - 23. Determine x(a).
2
Let l(c) = -c**3 - c**2 - c + 5. Let o be 1 - -2 - ((-12)/2 + 0). Suppose o*m - 10*m + 2 = 0. Suppose -m*x = -7*x - 0*x. Calculate l(x).
5
Let f(p) be the first derivative of -2*p**3/3 - 15*p**2/2 - 22*p - 2701. What is f(-5)?
3
Let w = 7033/141060 + 1/7053. Let c(l) be the third derivative of 1/24*l**4 + 0*l**5 + 0*l**3 + 0*l - w*l**6 + 0 - 4*l**2. What is c(-1)?
5
Let z(p) be the second derivative of 76*p - 7/2*p**2 + 0 + 2/3*p**3. Determine z(0).
-7
Let d = 52 - 49. Let b(l) be the second derivative of -l**5/20 + l**4/6 + l**3/6 + l**2/2 + 160*l. Determine b(d).
-5
Let h(q) = 4*q - 10 + 3 - 2*q - 11. Suppose 8*z - 12*z + 3*s = -28, -4*z - 5*s = -60. Give h(z).
2
Let b(n) = -3*n + 6. Let c be b(2). Suppose c = -3*f + 4*a + 37 + 34, -5*f + 97 = 4*a. Suppose -d - f = -17. Let w(j) = -j - 3. Calculate w(d).
1
Let g(x) = 35*x - 180. Let m(i) = -2*i + 8. Let s(n) = g(n) + 10*m(n). What is s(6)?
-10
Let v(d) = d - 195. Let j(w) = -5*w + 774. Let m(y) = -6*j(y) - 22*v(y). What is m(44)?
-2
Let c be (-77)/(-77) - (3 + -2). Let l(h) = h**3 - 2*h**2 - h - 17. Calculate l(c).
-17
Let c(r) = -11*r**2 - 32*r - 120. Let d(l) = 7*l**2 + 21*l + 76. Let k(u) = 5*c(u) + 8*d(u). Let j = 36 + -43. Calculate k(j).
1
Let z(q) = -30*q - 88. Let k be z(-3). Let u(l) = -l - 6 - 79*l**k + 80*l**2 + 4. What is u(3)?
4
Let c(n) = 3*n + 4. Suppose 53*t - 48*t = -5. Let o be (9/(-12))/(t/(-8)*2). Give c(o).
-5
Let x = -11639 + 11643. Let w(u) = -12*u + 26. Calculate w(x).
-22
Let f(t) = -25*t**2 - 2*t + 13. Let g(l) = -62*l**2 - 7*l + 25. Let q(w) = 5*f(w) - 2*g(w). Give q(6).
3
Suppose -4*a + 5*z = 6, a + 3*z + 3 + 7 = 0. Let y(b) = b. Let t(p) = -p**2 - p - 3. Let n(x) = a*y(x) - t(x). Let c = 39 + -36. Calculate n(c).
3
Let y(b) = 25 - 1 - 21 - b**2 - 1 + 6*b. Calculate y(6).
2
Suppose -q - 2*u = -1, 3*q - u = q - 13. Let y(x) = -33*x**2 + 15*x + 4. Let b(m) = -26*m**2 + 13*m + 3. Let j(d) = -5*b(d) + 4*y(d). What is j(q)?
-24
Let o be 2*3/24 + (-264)/(-96). Let y(m) = -m**o + 3 - 13*m**2 + 10*m**2 - 2*m + 2*m**3 + 3 + 0. What is y(3)?
0
Let t(y) = 10*y + 37. Suppose 10 - 18 = -2*s. Suppose 3*h - s*m - 41 = m, m - 5 = 0. Let j(u) = -2*u - 7. Let w(x) = h*j(x) + 4*t(x). Determine w(-5).
14
Let n(b) = -b**3 - 10*b**2 + 14*b + 39. Suppose 4*q = -3*g - 29, -5*q - 12*g - 60 = -13*g. Let w be n(q). Let t(p) = 9*p - 8. Give t(w).
46
Let r = -5 - 1. Let i(g) be the third derivative of g**6/120 + 7*g**5/60 + g**4/6 - 4*g**3/3 + 1771*g**2. Calculate i(r).
4
Let h(c) = 2*c - 3. Let t(i) = i - 2. Let q(z) = -z + 2. Let y(r) = -3*q(r) - 2*t(r). Suppose 4*l - 6 = -18. Let n(s) = l*y(s) + 2*h(s). What is n(-7)?
-7
Let m = -4 - 5. Suppose 4*g = 7*h - 6*h - 37, 0 = -3*h + 5*g + 76. Let o = h + m. Let l(w) = w - 12. Give l(o).
-4
Let w(q) = -q**3 - 5*q**2 + q + 7. Let p(a) = -10*a + 7. Let o be p(-4). Suppose 0 = -4*d + j + 209, d = j - 2*j + 51. Let c = o - d. Determine w(c).
2
Suppose 0*a + 5*a = 30. Let j(v) = -7*v - 6. Let g(i) = -13 + 31*i - 84*i + 38*i. Let u(m) = a*g(m) - 13*j(m). What is u(-2)?
-2
Let b(o) = 83 + 3*o**2 - 2*o + 86 - 164. Let x be b(3). Let i(j) = 3 + x*j - 56*j + 29*j. Determine i(5).
-2
Let t(q) = q - 8. Let n be (0 - 1)/((-33)/(-17) + -2). Suppose 0*c + 3*c - z = n, -4*c - z + 25 = 0. Determine t(c).
-2
Let y(z) = 77*z - 35*z - 37*z + 20. Let u be y(2). Let n(p) = -63 + 29 - p + u. What is n(-5)?
1
Let q(o) = 1028 - 5*o - 285 - 275 - 245 - 274. Determine q(-5).
-26
Let g(h) be the first derivative of -7*h**4/4 + 2*h**3/3 + h**2/2 + 6*h + 3. Let x(n) = 5*n**3 - 2*n**2 - n - 5. Let j(m) = 3*g(m) + 4*x(m). Calculate j(-3).
10
Let k(m) be the first derivative of -1/4*m**4 + 57 + 1/3*m**3 - 1/2*m**2 + 9*m. What is k(0)?
9
Let i(q) = -2*q**2 - q + 2. Let t = 219 + -223. Let a be ((-20)/30)/(t/(-12)). What is i(a)?
-4
Let f(a) = -2*a**3 + 5*a**2 - a - 2. Suppose 0*c + 12 = 2*d + 5*c, 0 = 3*d - 5*c - 18. Let u be 3/(-6)*1 - (-15)/d. What is f(u)?
0
Let g(z) = 11 + 33 + 10 + 40 - 4*z + 21. Give g(31).
-9
Let z(u) = 7*u - 19. Suppose -22*f + 3*d + 124 = -5, -3*f = 3*d - 21. Give z(f).
23
Let o(u) = 4*u - 134. Suppose -4125 = -6*t - 3915. Determine o(t).
6
Let v be (2 - 1) + -3*(-3 - -1). Let j(m) = -2*m**2 + m**3 + 2*m + 6*m**2 - 4*m - 5*m - v. Suppose 2*l - 5*f = 5, -l = -2*l - 2*f - 11. Give j(l).
3
Let u(i) be the first derivative of -11*i**2/2 + i + 2355. Give u(2).
-21
Let x be (5/15)/((-1)/(-3)) - -4. Let o(s) = -6 - x + 2*s +